
What is the highest common factor of 209013728 and 672?
224
Calculate the greatest common divisor of 1622698097 and 9874.
4937
What is the highest common divisor of 2097 and 14365149?
699
Calculate the greatest common factor of 561525 and 1200.
75
Calculate the highest common factor of 16321263 and 147.
147
Calculate the greatest common factor of 578 and 5656019.
289
Calculate the highest common factor of 10487034 and 134028.
1314
What is the highest common factor of 89537452 and 524?
524
What is the greatest common factor of 18000 and 4394000?
2000
What is the highest common factor of 144 and 111710322?
18
What is the highest common divisor of 455 and 16171260?
35
What is the greatest common divisor of 286054 and 25434?
314
What is the highest common divisor of 49696610 and 374?
34
Calculate the greatest common factor of 27352 and 1039688.
104
What is the greatest common divisor of 639 and 2851715?
71
What is the greatest common divisor of 50414600 and 3040?
760
Calculate the highest common factor of 405 and 1987155.
45
What is the greatest common divisor of 20987 and 6931803?
677
Calculate the greatest common divisor of 31328759 and 30072.
1253
Calculate the greatest common factor of 115 and 1134740.
5
What is the greatest common divisor of 15094576 and 13552?
112
What is the highest common factor of 328991410 and 110?
110
What is the greatest common divisor of 510 and 330510?
30
What is the highest common divisor of 175928539 and 895?
179
What is the greatest common divisor of 6207 and 726324519?
6207
Calculate the greatest common factor of 1086 and 304786443.
543
Calculate the greatest common factor of 13007723 and 38.
19
Calculate the greatest common divisor of 225 and 385769250.
225
What is the greatest common factor of 7737 and 349591187?
2579
What is the greatest common divisor of 39236855 and 99820?
1085
Calculate the greatest common divisor of 180576 and 3859185.
627
Calculate the highest common divisor of 39 and 93938455.
13
Calculate the greatest common divisor of 57188 and 118320.
1972
Calculate the greatest common divisor of 6379657 and 489.
163
Calculate the highest common factor of 8160 and 833617440.
8160
What is the greatest common divisor of 20268 and 90396?
36
What is the greatest common divisor of 9605358 and 1026?
54
What is the highest common divisor of 4528062 and 972?
486
Calculate the highest common factor of 766 and 37882147.
383
Calculate the greatest common factor of 69235566 and 207.
69
What is the highest common factor of 17361029 and 211344?
4403
Calculate the greatest common divisor of 417 and 2864239143.
417
What is the highest common factor of 57231 and 16749?
9
Calculate the highest common divisor of 6 and 160527570.
6
What is the greatest common divisor of 19936 and 1840160?
224
Calculate the highest common divisor of 613 and 61905031.
613
What is the greatest common divisor of 1254 and 52660542?
66
Calculate the highest common divisor of 2969673 and 1029.
21
Calculate the greatest common factor of 31845645 and 1170.
585
Calculate the highest common divisor of 28877550 and 354.
354
What is the highest common factor of 28119299 and 754?
377
What is the highest common divisor of 66 and 395752962?
66
What is the greatest common factor of 707 and 73630111?
101
Calculate the highest common factor of 8740 and 1363364.
76
What is the greatest common divisor of 17880438 and 24414?
1878
What is the highest common factor of 8280 and 321210?
90
Calculate the highest common factor of 160 and 2440740.
20
What is the highest common divisor of 48957294 and 138?
138
Calculate the highest common divisor of 134917424 and 7637.
1091
What is the greatest common factor of 5873 and 64029?
7
What is the greatest common factor of 61 and 737825012?
61
What is the highest common factor of 4728 and 5512200?
24
Calculate the greatest common factor of 5396 and 579994.
38
What is the greatest common divisor of 61701 and 19606317?
471
Calculate the highest common factor of 51649126 and 14.
2
Calculate the highest common divisor of 35 and 363643.
7
Calculate the highest common divisor of 28518666 and 1518.
1518
Calculate the greatest common factor of 1176 and 236460.
84
What is the greatest common divisor of 6 and 185447978?
2
What is the highest common factor of 362784 and 21600?
96
What is the highest common divisor of 35376 and 2502?
6
Calculate the highest common divisor of 20848630 and 5610.
1870
What is the highest common divisor of 72 and 3799476?
36
What is the greatest common divisor of 1896154 and 6795230?
8138
Calculate the greatest common factor of 56368 and 1789142.
542
What is the highest common factor of 185 and 4427420?
185
Calculate the greatest common divisor of 96 and 13656.
24
What is the highest common divisor of 25 and 1504225?
25
Calculate the greatest common divisor of 51580769 and 4274.
2137
What is the highest common factor of 19484558 and 668?
334
Calculate the highest common factor of 3474 and 356940.
18
Calculate the highest common divisor of 4597812 and 20412.
36
Calculate the greatest common divisor of 25625887 and 7.
7
Calculate the highest common divisor of 10740 and 4152.
12
What is the highest common factor of 1473975 and 275?
25
What is the greatest common divisor of 9791 and 101?
1
Calculate the highest common factor of 525 and 21989800.
175
What is the greatest common factor of 158171 and 147108?
299
Calculate the highest common divisor of 32719722 and 458052.
1722
Calculate the highest common factor of 28 and 5955264.
28
What is the highest common factor of 377 and 1887262?
377
What is the greatest common divisor of 1185921771 and 5487?
5487
What is the greatest common factor of 1540 and 8627780?
140
Calculate the greatest common factor of 91791011 and 13.
13
What is the greatest common divisor of 1827551 and 570878?
3707
What is the greatest common divisor of 17927 and 31902377?
2561
Calculate the highest common factor of 1195799793 and 963.
321
What is the highest common divisor of 46 and 28955482?
46
What is the highest common factor of 4422701 and 2224384?
8689
Calculate the highest common divisor of 39048468 and 2220.
444
Calculate the highest common factor of 8606 and 42173041.
331
Calculate the highest common divisor of 240 and 42695.
5
Calculate the greatest common divisor of 1347280 and 28160.
880
What is the greatest common divisor of 235456 and 6841808?
4528
Calculate the greatest common divisor of 130 and 99503690.
130
Calculate the highest common divisor of 299 and 289822.
13
Calculate the greatest common divisor of 1089 and 10308639.
33
What is the greatest common factor of 85580236 and 8176?
2044
What is the highest common factor of 60 and 147118788?
12
What is the highest common factor of 1445012 and 22301?
29
What is the highest common divisor of 6932174 and 579?
193
What is the highest common factor of 462 and 14405322?
6
Calculate the greatest common divisor of 3256461 and 429.
39
What is the greatest common divisor of 8464680 and 42000?
840
Calculate the highest common factor of 7963426 and 187070.
2878
Calculate the greatest common divisor of 5476040 and 3400.
680
Calculate the highest common divisor of 364509 and 1226258.
401
What is the greatest common divisor of 11949 and 3383012829?
11949
What is the highest common factor of 185 and 59437540?
185
What is the greatest common divisor of 4165428 and 109056?
852
Calculate the highest common divisor of 28140372 and 72.
36
What is the highest common factor of 3135 and 1098010?
95
Calculate the greatest common factor of 12 and 824107524.
12
What is the greatest common factor of 1039440 and 995420?
1420
Calculate the greatest common divisor of 430540 and 110210.
1030
What is the highest common factor of 13383235 and 22855?
3265
What is the greatest common factor of 17451 and 8685?
9
What is the highest common divisor of 20476274 and 2366?
182
Calculate the greatest common divisor of 278 and 15135154.
278
Calculate the highest common divisor of 54858 and 335298.
246
Calculate the highest common divisor of 1278177 and 117012.
597
What is the highest common factor of 8 and 14829368?
8
What is the highest common factor of 4 and 1521532?
4
What is the highest common divisor of 144 and 65099532?
12
Calculate the greatest common divis